be a(b). Let w(n) = -2*n + 1. Give w(j).
-5
Suppose 3*d - 4*s + 1 = 4*d, -7 = d - 4*s. Suppose -2*g - 3 - 7 = 2*a, -g + 5*a = 5. Let x(o) = -3*o. Let h(w) = 2*w. Let t(i) = d*x(i) + g*h(i). What is t(2)?
-2
Let t = -101 + 103. Let w(f) = f**3 + f**2 + f + 1. Give w(t).
15
Let h(r) = -2*r - 4. Let p(n) = -n**2 + 2*n + 3. Let z(j) = 2*h(j) + 3*p(j). What is z(2)?
-7
Let y(f) = 4*f - 10. Suppose -4*h + 32 = -0. Give y(h).
22
Let q(j) = 2*j**2 - 3*j + 3. Suppose 3 = -2*l + 1. Let o(k) = -3*k - 1 + k - k**2 + 3*k. Let y(z) = l*o(z) - q(z). Give y(3).
-5
Suppose 2 = -2*r + 4. Let c(t) = 0 - 4 + 0. Let o(y) = y + 3. Let l(k) = 2*c(k) + 3*o(k). Determine l(r).
4
Let o(z) be the second derivative of -z**4/12 - 5*z**3/6 - z. Suppose -4*i + 1 - 17 = 0. Determine o(i).
4
Let u(n) = 3*n**2 - 4*n + 6. Let q(l) = -l**2 - 1. Let f(w) = -4*q(w) - u(w). Suppose 0 = 2*a + 11 + 13. Let s = a + 7. Calculate f(s).
3
Let s(f) = f**3 - 3*f**2 - f. Let u(w) = -w + 3. Let n be u(0). Let y be ((-8)/3)/((-2)/n). Suppose -p + 7 = 4*z - 0, z = y*p + 6. Determine s(z).
-6
Let h be 2/(-2) + -2*3. Let t be (h/4)/(10/40). Let r(f) = -f**2 - 8*f - 2. Determine r(t).
5
Let s(r) = r**2 + 3*r + 3. Let a be s(-3). Let n(h) = -1 + 0 + h**2 - a*h**3 + 2 - 2*h**2. Calculate n(1).
-3
Let i(l) = 0 - 5 + 5 + l**2 + 1 + 2*l. Let w be (-3 + 0 + 1)*1. Calculate i(w).
1
Let v(t) = t**2 + 11. Let l be 54/(-4) + 7/14. Let o = l + 13. Determine v(o).
11
Let q(o) = o + 5. Suppose 5*p - 10 = 0, -3*p + 56 = 5*i - 5*p. Suppose -c + 3*c = -i. Let x be (-2)/11 + c/(-33). What is q(x)?
5
Let f(s) = 2*s**2 + 3*s. Let t be -5 - 3*(-2 - -1). What is f(t)?
2
Let r(s) = 3 + 0*s**2 + s**3 + 5*s + 4*s**2 - 2*s. Suppose 2*l - 4*z = -0*l - 2, -3*l + 29 = 2*z. Let v = l + -10. Give r(v).
3
Let r(o) = -o**2 + 2. Let a(j) = 0*j - 2*j - 6 + 3*j. Let c be a(8). Give r(c).
-2
Suppose p = 2*p. Let a(r) = p*r + r**2 + 0*r - 2. Suppose 4*v = -2*l + v, -4*l = 5*v. What is a(l)?
-2
Let o(t) = 6*t**3 - 2*t + 1. Let z(j) = j**2 - j. Let x be z(0). Let m = x + 1. Suppose m = -2*c + 3. Calculate o(c).
5
Suppose -8*j - 16 = -8. Let i(p) = -5*p**2 + p + 1. Give i(j).
-5
Let z(x) = x**3 - 9*x**2 + x - 3. Let y be z(9). Let g(m) = -7*m + m**2 + 0*m**2 + 2*m - 6. Give g(y).
0
Let i(t) = -2 + 3*t + 0*t + 9*t**2 - t**3 + 5*t**2 - 10*t**2. Calculate i(4).
10
Let p(v) = 3 + 10*v - 4 + 2*v + 2*v. Let k = 3 + -2. Give p(k).
13
Let m(r) = r**2 + 5*r + 1. Let q be m(-5). Let v be (1 + q)/((-6)/(-9)). Let n(t) = -t**3 - 2*t**2 - 2*t**2 - 2*t + v - t. Determine n(-3).
3
Suppose -3 = 5*q + 2. Let b = 0 - q. Let r(z) = 3*z + 3. Let o(i) = -4*i - 2. Let p(l) = -4*o(l) - 3*r(l). What is p(b)?
6
Let x(a) = -a**2 - 9*a. Let s be x(-8). Suppose 0*j = -2*j - s. Let f(q) = -3*q + 2. What is f(j)?
14
Let d(h) be the first derivative of h**4/4 - 7*h**3/3 + 5*h**2/2 - 2*h - 2. Calculate d(6).
-8
Suppose -30 = 6*m - m. Let g(c) = c**2 + 4*c. Determine g(m).
12
Suppose -3*a - a - 28 = -3*u, 5*u - 2*a = 28. Suppose -y - u = -3*y. Let l(p) = 4*p**y + 2 - p + 0*p - p**3 - 1. Determine l(4).
-3
Let j be 2 + 1 + (3 - 2). Suppose 4*i - 2 = -2*z, i - 14 = -3*z + 7*z. Let d(k) = 2 - k**i + 2 + 1 + 2*k. What is d(j)?
-3
Let f be (-2 - -1*3)*-6. Let i = -4 + 6. Let p(j) = -3*j + 6*j + 4 - i*j. Calculate p(f).
-2
Let q = -1 + 4. Let v(y) = -3*y - 5 + y**q + 4*y**2 - 2 - 3*y. Suppose -5*j - 29 = -2*p, -5*j = -0*j + 3*p + 19. What is v(j)?
-2
Suppose 0 = j + 2*j + 12. Let v(l) be the second derivative of l**5/20 + l**4/6 - l**3 - l**2 + 7*l. What is v(j)?
-10
Let t(n) = n**3 + 7*n**2 - 8*n + 3. Let g be t(-8). Let b(u) = -10*u - 4*u + g*u. What is b(-1)?
11
Let o(p) = 3*p**2 + 14*p + 10. Let l(i) = -2*i**2 - 10*i - 7. Let r(k) = 7*l(k) + 5*o(k). What is r(1)?
2
Let q(x) = -x + 7. Suppose 1 - 9 = 4*v. Let l = 2 + v. Give q(l).
7
Suppose -5*h = -h + 4. Let g be ((-6)/(-8))/(h/4). Let x(b) = 3*b**2 - b + 4 - b - 4*b**2 + 3*b. Determine x(g).
-8
Let f(o) = -o**3 + 5*o**2 + 8*o - 5. Suppose 4*l - l - 18 = 0. Let a be f(l). Let b(c) = -2*c + 8. Calculate b(a).
-6
Let d(z) = 3*z + 1. Let w be d(-3). Let f(t) = 18*t**2 + 8*t + 5. Let v(c) = -6*c**2 - 3*c - 2. Let k(x) = w*v(x) - 3*f(x). Let p = 56 + -57. Determine k(p).
-5
Let m be (0 - 6/2)/1. Let z be 0/m + 2 - 0. Let q(u) = 3 + z - 5*u + u**2 + 0*u**2 + u. Determine q(4).
5
Let a = -12 + 12. Let d(r) be the second derivative of a - 1/2*r**2 + 4/3*r**3 - 2*r. What is d(1)?
7
Let j = 286/249 - -3/166. Let r(q) be the second derivative of -j*q**3 + 0 + 5/12*q**4 + 1/20*q**5 - 2*q**2 - 2*q. What is r(-6)?
2
Let m be 3/(3/(-6) - -1). Let z(d) be the second derivative of -d**5/20 + 5*d**4/12 + 7*d**3/6 - 3*d**2/2 - 2*d. Calculate z(m).
3
Let f be 3/4 - (-23)/(-4). Let t = 6 + f. Suppose 4*c - 2 = n + t, -1 = -c. Let i(l) = -6*l - 1. What is i(n)?
-7
Let h be (3/6)/(2/(-4)). Let s(l) = l. Let x(q) = q - 4. Let k(d) = h*x(d) + 2*s(d). Determine k(-4).
0
Suppose -2*v + 4 = -4*v. Let q = v - 0. Let r(t) = t**2 + 3*t**3 - 5*t + 2*t - 2*t**3 - 1. Give r(q).
1
Let b(a) = 2*a + 2 + 2*a**2 - 3*a**2 + 0*a**2 - 2*a**2. Determine b(2).
-6
Let u(s) be the second derivative of -s**3/6 - 3*s. Let q be ((-3)/9)/((-1)/6). Suppose -15 = x + 5*t, -3*x - 5*t = q*x + 15. Calculate u(x).
0
Suppose 3*c + 0*c = 0. Suppose c = -4*i + 4*t + 16, -3*t + 5 - 2 = 0. Let n(m) = m**3 - 4*m**2 - 3*m - 3. Determine n(i).
7
Suppose -2*r + 3 = 5. Let z be (r + (-1)/(-1))/(-2). Let d(k) be the first derivative of -k**4/4 + k**3/3 + k**2/2 - 6*k + 1. What is d(z)?
-6
Let r(l) = l**2 - 10*l - 11. Let p = -37 + 48. Calculate r(p).
0
Let g(j) = -6*j + 8*j**2 + 3 - j + 3*j - 7*j**2. Suppose -b = 4*b - 15. Calculate g(b).
0
Let h(r) = r**3 + r**2 - 3*r - 1. Let t = -6 - -7. Let n be -3 - (t*-2 - -1). Determine h(n).
1
Let s(n) = -n**2 + 3*n + 5. Let y be s(4). Let d be 4/(-2)*(-7 - y). Let q(a) = -d*a - 4 - 1 + 3 + 17*a. Give q(4).
2
Let h(d) = -d + 5. Let f be h(0). Let v(i) = i - 2. Let z be v(f). Let j(p) = -4*p**2 + 4*p**2 - 4*p + p**2 - 2. Calculate j(z).
-5
Let a(q) = -q**3 - q - 3. Let w be a(-1). Let l(c) = -5*c**3. Determine l(w).
5
Let i(v) be the third derivative of -v**6/120 - v**5/12 - v**4/4 - v**3/3 - 2*v**2. Give i(-4).
6
Let i(x) = -x**2 + 7*x - 5. Suppose 0 = -q - t - 28, 3*q - 4*t + 79 + 19 = 0. Let z be (-2)/(-5)*q/(-3). Determine i(z).
7
Let c(u) = u**2 - u + 5. Suppose -5*p + 4 = -4*p. Let a be 4*((-2)/4)/(-1). Let n be p/10 - a/5. Determine c(n).
5
Let m(f) be the first derivative of 3*f**2 + 7*f - 3. Let z(y) = 3*y + 4. Let l(a) = 6*m(a) - 11*z(a). Suppose -16 = -0*w - 4*w. Determine l(w).
10
Let r(x) = -x**3 + 4*x**2 - x - 4. Let a be r(3). Let l(s) = -4 + a*s + 2*s + 0 - 5*s. Give l(5).
-9
Let w(x) = -x**3 - x**2 - 1. Let f(r) = 5*r**3 + 9*r**2 + r + 2. Let d(j) = -f(j) - 4*w(j). Calculate d(-2).
-8
Let f(t) be the first derivative of t**3/3 + 7*t**2/2 - 5*t - 11. Determine f(-6).
-11
Let c(y) = y + 2. Let r(g) = g**2 + 9*g + 6. Let h(u) = -2*u + 8. Let k be h(8). Let f be r(k). Let m = f + 6. Calculate c(m).
6
Let a(m) be the third derivative of -m**4/24 + m**3/6 + 2*m**2. Determine a(7).
-6
Let j(c) = -c**2 - 6 + 7 - c**2. Let q(p) = 3*p**3 - p**2 + p - 2. Let i(w) = w**3 - 1. Let s(b) = -2*i(b) + q(b). Let u be s(1). Calculate j(u).
-1
Let n(v) be the third derivative of 0 + 1/3*v**3 + 1/12*v**4 - 3*v**2 + 0*v. What is n(3)?
8
Let a(u) = -u**2 - u - 1. Suppose -4*m + 4*k = -3*m - 3, 3*m + 2*k - 9 = 0. Suppose -m*w + 1 = 2*t, 0 = -5*w - t + 3*t - 9. Give a(w).
-1
Suppose j - 4 + 3 = 0. Let n(a) = 13*a**3 + 2*a**2 - a. Give n(j).
14
Let i be (-2 + 5 + 2)*1. Let b(h) be the second derivative of -h**4/12 + h**3 - 5*h**2/2 + 19*h. Determine b(i).
0
Let w(a) = -6*a + 10*a - 3*a - 5. Calculate w(5).
0
Let d(n) be the first derivative of -1/2*n**2 - 2 - 8*n. Determine d(0).
-8
Let a(s) = 3*s - 2 - s**2 + 0*s - 4 - 9*s. Calculate a(-8).
-22
Let t(s) = 2*s + s**2 + 6*s**3 - 1 - 2*s**2 - 7*s**3. What is t(-2)?
-1
Let v(n) be the second derivative of -1/2*n**2 - 2*n + 0 - 1/6*n**3. Calculate v(1).
-2
Let v = -1 - -5. Let l be 15/v - 1/(-4). Let t(i) = -1 + 1 - 3*i + i**2 - 3. Calculate t(l).
1
Suppose -2*z - 4 + 14 = 0, -5*b = -5*z + 25. Let t(a) = -1. Let g(d) = -d + 2. Let h(w) = -g(w) + 3*t(w). What is h(b)?
-5
Let b(f) be the first derivative 